ommon divisor of l and 5.
1
Suppose -4*a - 624 = 5*d - 216, d = 0. Suppose -x + 120 = -3*x. Let y = x - a. What is the greatest common factor of 28 and y?
14
Suppose -9*v + 880 = -5*v. What is the highest common divisor of 88 and v?
44
Let c be 0/(2 + 0) + (57 - 15). Calculate the highest common factor of 231 and c.
21
Suppose -46 = 5*p - 156. Let w = 31 - p. Suppose 4*g + 1 = w. Calculate the highest common divisor of 1 and g.
1
Suppose y + 31 = 4*y + 2*u, 5*y + 3*u = 51. Let t(a) = -a**2 - a + 63. Let w be t(0). What is the greatest common factor of w and y?
9
Let j(m) = m**3 + m + 55. Suppose 5 = -5*u + k, 10*k - 25 = -u + 5*k. Let b be j(u). What is the greatest common divisor of 5 and b?
5
Suppose -4*j = 3*t - 38, 0*t = -4*t - 2*j + 34. Suppose 0 = 3*z - 5 + 14. Let y be (0 + -10)*z/t. Calculate the greatest common factor of y and 45.
5
Suppose 4*m - 5*m + 38 = 3*w, -40 = -3*w + m. What is the highest common divisor of w and 143?
13
Let p(u) = -u - 7. Let n be p(-4). Let w be (n/(-2))/(1/6). What is the greatest common factor of 1 and w?
1
Suppose 456 = k + 3*k. Let g be k/7 + 4/(-14). Suppose 0*n + 144 = n. What is the highest common divisor of g and n?
16
Let b(n) be the second derivative of 5*n**3/3 - n**2 + 2*n. Let j be b(3). What is the highest common factor of 14 and j?
14
Suppose 0*b + b - 13 = -3*c, -45 = -5*b - 5*c. Calculate the highest common divisor of 105 and b.
7
Suppose -7 = -3*t + 4*z, 5*z = t + 5 + 11. What is the highest common divisor of 81 and t?
9
Let d be 19 + 1 + -4 + (1 - -4). What is the highest common factor of 147 and d?
21
Let p = 204 + -165. Calculate the highest common divisor of 39 and p.
39
Let h(k) = 2*k**3 - 15*k**2 + 7*k. Let s be h(8). Calculate the highest common divisor of s and 30.
30
Suppose 0 = -3*r + r + 26. Let c(m) = -6*m - 4. Let o(f) = 5*f + 3. Let a(n) = 5*c(n) + 4*o(n). Let v be a(-6). Calculate the highest common divisor of v and r.
13
Let s = 8 + -6. Let l be (s/3)/(-1)*-15. Suppose -2*a + 25 = 5*g, -l = -4*a + 2*g + 28. Calculate the greatest common factor of 110 and a.
10
Suppose 3*p - 347 + 35 = 0. What is the greatest common factor of p and 26?
26
Let g(x) = -x - 1. Let y be g(-9). What is the highest common divisor of y and 72?
8
Suppose 2*t - 42 = 3*t. Let w = t - -75. Calculate the highest common factor of 11 and w.
11
Let i be (-21)/(-5) + 1/(-5). Let t be ((-8)/(-10))/(i/250). Let z be 11 - 2*1/2. What is the highest common divisor of t and z?
10
Let j(a) = 5*a**2 - 4*a - 3. Let t be j(-2). Let d = t + -14. What is the highest common divisor of d and 11?
11
Suppose -11 = 2*k - 47. Suppose 23*a - 54 = 14*a. Calculate the highest common divisor of k and a.
6
Let f be 7/(7/20) + -3. Let t = 87 - 19. Calculate the highest common divisor of f and t.
17
Let v = -27 - -43. Suppose -v = -5*p + 9. Let o(q) = -40*q. Let f be o(-1). What is the highest common factor of f and p?
5
Suppose 0*n + 4 = n. Suppose -8 = -4*o - 4*s, -4*o - 5*s + n = -6. Suppose -4*w + 0*w + 84 = o. Calculate the highest common divisor of 14 and w.
7
Suppose 10*t = 16*t - 48. What is the highest common divisor of t and 32?
8
Suppose -4*m + 4*q + 268 = 0, 3*m - 5*m - 2*q = -138. What is the greatest common divisor of m and 4?
4
Suppose -2*a + 0*a = 4. Let o(s) = -s**3 + 2*s**2 + 2. Let j be o(a). Suppose -10 - 8 = -3*d. Calculate the greatest common factor of d and j.
6
Let g be -8*5/(-2)*1. Let m = g - 1. What is the greatest common factor of 19 and m?
19
Let c be (0 - (-20)/(-3))*-3. Calculate the greatest common factor of 160 and c.
20
Let j = 1 + 1. Let c be (-1 + -2)*-1*8. Let r be (-4)/22 - c/(-11). What is the highest common factor of j and r?
2
Suppose 8*m + 4*i = 11*m - 301, 2*m - 194 = i. Calculate the greatest common factor of 38 and m.
19
Let d = -257 - -369. Calculate the greatest common divisor of d and 16.
16
Let i = -71 - -199. Calculate the highest common factor of i and 16.
16
Let y(q) = -q**3 + 7*q**2 - q + 8. Let d be y(7). Suppose -n + 3*n = -8. Let s be d/((n/(-9))/4). What is the highest common divisor of s and 9?
9
Suppose p - 5*b = -6 + 58, 112 = 3*p - 4*b. Calculate the highest common factor of p and 80.
16
Let r(g) = g**2 - 2*g + 51. Let p be r(0). Calculate the greatest common divisor of p and 17.
17
Let t(k) = -k**2 - 12*k + 6. Let f be t(-8). Let p = f - 26. Calculate the greatest common factor of 12 and p.
12
Let t be (6/9)/(2/9). Suppose -6*l = -t*l - 96. Calculate the highest common factor of 4 and l.
4
Suppose 5*s - 2*c = 239, 0 = -5*s - 4*c + c + 229. Calculate the highest common factor of 188 and s.
47
Let c be (-11 + (-9 - -7))*7/(-1). What is the greatest common divisor of 26 and c?
13
Let k be 193/6 + (-4)/24. Calculate the greatest common divisor of 4 and k.
4
Let h = -40 - -73. Calculate the highest common divisor of h and 44.
11
Suppose 3*d + 2*p = -7, p - 5 = -3*d + 5*p. Let b be (0 - (d + 2)) + 17. Let u(s) = -s - 2. Let t be u(-4). What is the greatest common divisor of t and b?
2
Suppose p = -5*f + 34, p + 0*p = -4*f + 28. Let r = -51 + 87. Suppose -f*z + 4*z = -r. Calculate the greatest common factor of 90 and z.
18
Let g(p) = -p**3 - 9*p**2 + 8*p. Let s be g(-10). Suppose 3 + 17 = f. Suppose 0 = -3*n + a + 7, -4*a + f = 0. What is the highest common factor of n and s?
4
Let i(w) = 2*w**3 - 3*w**2 + w - 3. Let q be i(3). Let t be 1 - 0 - (-17 + 0). What is the greatest common factor of q and t?
9
Suppose -j - 300 = -6*j. Let c = -15 + 27. Calculate the highest common divisor of j and c.
12
Let j = -50 - -74. Let f(n) = -n + 3. Let s be f(-7). Let m = s + -4. Calculate the highest common divisor of m and j.
6
Suppose -g - g - 56 = 0. Let i = g - -39. What is the greatest common divisor of 33 and i?
11
Let o(f) = -f - 6. Let k be o(-7). Suppose 3*s - 5*w = -12, w + w - 8 = -2*s. Calculate the greatest common factor of k and s.
1
Let y be (-3)/(-9) - 51/(-9). Calculate the highest common factor of 9 and y.
3
Let f = -3 - -26. Let u = f - 63. Let w = -26 - u. What is the highest common divisor of w and 154?
14
Let y = 34 + -19. Calculate the highest common factor of y and 10.
5
Let h be (24/(-5))/((-3)/10). Let z(k) = -3*k - 2*k**2 + k**3 - 4*k + 0*k**2. Let x be z(5). What is the greatest common divisor of h and x?
8
Let n(t) = -t**2 - t + 36. Let b be n(0). What is the highest common factor of b and 4?
4
Suppose -u + 3*u = 104. Suppose -53 = 5*w + u. Let h = w + 84. What is the greatest common factor of 9 and h?
9
Let h be ((-12)/(-16))/(1/(-4)). Let y(z) = 20*z - 1. Let s be y(h). Let f = s + 96. What is the greatest common divisor of 7 and f?
7
Let y = 1 + 5. Suppose 0 = -2*x + y*x - 20. Suppose 0*c - x = -c, -c = 5*v - 305. Calculate the greatest common factor of 24 and v.
12
Let o(d) = -9*d - 34. Let p be o(-4). What is the greatest common divisor of p and 14?
2
Suppose -5*z + 0*z = -5. Let s = z - 0. Let u be -1 - (1 + -2 - 8). What is the greatest common factor of s and u?
1
Suppose t = -5*d + 54, 0 = 4*t - 2*t - d - 86. Calculate the greatest common factor of t and 33.
11
Let n(q) = 5*q**2 - 2 + 6 - q**2 - 2*q**2 + 6*q. Let t be n(-4). Calculate the highest common factor of 3 and t.
3
Suppose -9 = -2*f - 1. Suppose -f*x - 6 = -42. What is the greatest common divisor of x and 6?
3
Let p be (-1)/4 - 27/(-12). Suppose -p*w + 139 = 5*r, -3*w - 43 - 32 = -3*r. Let a = -6 + 9. What is the highest common divisor of a and r?
3
Let u be ((-7)/14 + (-2)/4)*-12. What is the highest common factor of u and 36?
12
Let f(o) = -1 + 2 - 8*o - 7*o. Let s be f(-1). Let y(v) = 5*v + 5. Let c be y(7). Calculate the greatest common divisor of c and s.
8
Let a(j) = 2*j + 12. Let p be a(-9). Let h = p + 14. Calculate the highest common divisor of h and 8.
8
Let a(s) = 2*s**2 - 11*s - 2. Let j(u) = u**2 - 6*u - 1. Let b(o) = 3*a(o) - 5*j(o). Let v be b(5). Calculate the highest common factor of v and 18.
9
Suppose -242 = -3*x + 127. Calculate the greatest common divisor of x and 82.
41
Suppose 6 = -2*n, 0 = -4*m + m + n + 3. Suppose -10 - 33 = -2*s + 3*g, m = 3*g + 15. What is the greatest common divisor of 112 and s?
14
Let i = 11 + -3. What is the highest common divisor of i and 8?
8
Let s(n) be the first derivative of n**2/2 - 2*n + 1. Let g be s(4). Let k(c) = c**2 + 3*c + 6. Let z